2*a**2 - 2*a - 3. Suppose -2*s - 1 = 2*u - 5*u, -3*u + 29 = 5*s. What is the remainder when d(-2) is divided by 6*s/6 + 1?
4
Suppose 4*g - 5*g = -22. Calculate the remainder when g is divided by 6.
4
Let u = -18 - -31. What is the remainder when ((-5)/(-2))/(2/20) is divided by u?
12
Let v be 3/2*30/9. Suppose 0 = v*p - p - 104. Calculate the remainder when p is divided by 14.
12
Let s(w) = -w**3 - 12*w**2 - 35*w - 13. Suppose 5*o = 2*g + 204, 6*o - o - 206 = 3*g. What is the remainder when o is divided by s(-8)?
7
Suppose 0 = 106*z - 99*z - 126. What is the remainder when 32 is divided by z?
14
Suppose 0 = 5*w - 3*w - 20. Suppose -4*v = -112 - 128. Let m = v - 41. What is the remainder when m is divided by w?
9
Let s(m) = -6*m - 1 - 1 + 3. Suppose -15 = 8*d - 3*d. Calculate the remainder when s(d) is divided by 7.
5
Suppose 0 = -14*r - 0*r + 364. Calculate the remainder when r is divided by 5.
1
Suppose 0 = 2*y - 3*y - 1. What is the remainder when 2/(-5) - 274/(-10) is divided by -5*(3 + (-7 - y))?
12
Calculate the remainder when 6/45 - 18991/(-105) is divided by 26.
25
Let s(w) = w - 1. Let x(i) = -3 - 2*i + 3 - 4*i + 8. Let p(u) = -2*s(u) - x(u). What is the remainder when 26 is divided by p(5)?
12
Let n(o) = o**3 - 6*o**2 + o - 7. Let i be n(6). Let u(r) = -16*r**3 + r**2 - r - 1. What is the remainder when u(i) is divided by 6?
5
Suppose -2*f - 3*f - 2*o + 4 = 0, -o - 5 = -f. Suppose f = -2*b + b. Calculate the remainder when 13 is divided by (2/(-4))/(b/32).
5
Let s = 4 - 3. Let n = 297 + -262. Calculate the remainder when n is divided by s/(2/22) - 2.
8
Suppose 2*d + 33 = 135. What is the remainder when 201 is divided by d?
48
Suppose 28 - 2 = -2*s + 4*q, 3*s - 2*q + 19 = 0. Let f = 26 + s. Calculate the remainder when f is divided by 8.
7
Let c(m) = -m**3 + 8*m**2 + 2. Let f be c(8). Suppose -n + f = 3. What is the remainder when 23 is divided by n - -2 - (-21)/3?
7
Suppose -362 = -8*u + 5*u - j, 2*u = -5*j + 263. Suppose 3*p = 2 + 88. Calculate the remainder when u is divided by p.
29
Suppose -i + 2*s - 15 = -3*s, -2*i + 22 = 3*s. Suppose -3*q = -5*c - 2, q - 5*c = -0*c - 6. What is the remainder when i is divided by q?
1
Let j be -2 + 3 + 10 - -1. Suppose 4*s - j = 24. What is the remainder when s is divided by (-1)/((-2)/(-8)) - -10?
3
Let b(d) = d**2 - d + 6. Calculate the remainder when b(-5) is divided by 10.
6
Suppose 0 = -2*x + 4 + 6. Suppose -9 - 16 = -x*z. Calculate the remainder when 12 is divided by z.
2
Let z = 73 + -34. Let t = z + -23. What is the remainder when 63 is divided by t?
15
Let p(r) = -r - 3. Let t be p(0). Let k = 2 - t. Calculate the remainder when 13 is divided by k.
3
Let t = 38 - -53. Calculate the remainder when t is divided by 23.
22
Let f = -5 + 3. Calculate the remainder when (-4)/12 - 13/(-3) is divided by 8/f*1/(-2).
0
Suppose 5*j + 17 = 37. What is the remainder when 15 is divided by j?
3
Let y be 1 + 0 - (43 + 7). Let j = -3 + 6. What is the remainder when j is divided by 14/4*(-28)/y?
1
Suppose -11 = -3*r + 4. Let n = 9 - r. Let p(f) = f**2 - 3*f + 5. Calculate the remainder when p(3) is divided by n.
1
Let n(z) be the second derivative of -z**3/6 - 11*z**2/2 + z. Let k(w) = 1. Let s(p) = 3*k(p) - n(p). Calculate the remainder when 23 is divided by s(-6).
7
Suppose 6*b = 3*b + 81. Calculate the remainder when b is divided by 14.
13
Let z be (1 + 1 - 78)/(-2). Suppose -4*u - 4*l - 8 = -84, -z = -2*u + l. What is the remainder when u is divided by 10?
9
Suppose -10 = g - 28. What is the remainder when 67 is divided by g?
13
Let z(i) = -i**2 + 7*i - 3. Let u be z(6). Suppose u*d + 8 = 7*d. Suppose -q = -d*w - 20, 3*q = 2*w - 0*w + 68. Calculate the remainder when q is divided by 13.
11
Let i(k) = -2*k - 10. What is the remainder when 34 is divided by i(-11)?
10
Let v = -29 - -44. What is the remainder when 1/2 - ((-165)/6 - 1) is divided by v?
14
Suppose -5*j = -2*l + 18, 4*l + 3*j - 2*j = 36. Suppose -4*o = -l*o + 270. Calculate the remainder when o is divided by 19.
16
Let y(l) = -l**3 - 17*l**2 - 19*l - 18. Calculate the remainder when 84 is divided by y(-16).
24
Suppose 43 = 4*f + 3. What is the remainder when 40 - (-1)/((-2)/4) is divided by f?
8
Suppose 0*w = -3*d - w + 11, -3*d + 26 = 4*w. Suppose -d*l = -23 - 79. What is the remainder when l is divided by 26?
25
Suppose 4*r - r - 48 = 3*f, -5*f - 60 = -4*r. Let h be -3*2/(-2)*-2. Calculate the remainder when 35 is divided by 54/(-15)*r/h.
11
Let c(l) = -l**3 - l**2 + 6. Let k be c(0). Let z = -4 + k. Let j(h) = 7*h. Calculate the remainder when j(z) is divided by 5.
4
Suppose -2*q - 4*j = -44, 4*q - 6*q - 5*j + 47 = 0. Suppose -8 = -4*v, -v = 3*u - 5*v - q. What is the remainder when 14 is divided by u?
6
Let y(z) = z**3 - 3*z**2 + z + 8. Calculate the remainder when 52 is divided by y(4).
24
Suppose 3*u - 12 = -0*u. Let s(y) = 3*y - 8. Calculate the remainder when s(5) is divided by u.
3
Let x(a) = -a - 13. Let h(i) = -2*i. Let o be h(4). Let t be x(o). Let v = t + 12. What is the remainder when 12 is divided by v?
5
Suppose 0 = -2*o + 2 - 14. Let v(a) = a**2 + 6*a + 9. Let q be v(o). Let i(m) = -m**3 + 10*m**2 - 10*m + 11. What is the remainder when 2 is divided by i(q)?
0
Let o be (153/(-6))/(2/(-4)). Let r = 19 - o. Let i = r + 81. What is the remainder when i is divided by 17?
15
Suppose 5*x = 17 + 3. Let f(k) = 4 + 3*k - 2 - x + 4. What is the remainder when f(4) is divided by 8?
6
Suppose 5*t - g - 9 = 0, t + g - 4 = -1. Suppose -t = -s - 4. What is the remainder when s/5 - (-321)/15 is divided by 11?
10
Let p be 30/8 + 4/16. Let z = p + 14. What is the remainder when 52 is divided by z?
16
Let h = 274 - 150. Suppose -5*q + q + h = 0. Calculate the remainder when q is divided by 11.
9
Let p(c) = -3*c + 3. Let g(z) = 2*z - 4. Let k be ((-15)/(-20))/((-2)/8). Let j(w) = k*p(w) - 2*g(w). Calculate the remainder when 26 is divided by j(3).
12
Let w be 6/4*-2 + -26. Let h = w - -42. Calculate the remainder when 25 is divided by h.
12
Suppose -3*f = 2*f - 190. Suppose 0*n + f = 2*n. What is the remainder when n is divided by 5?
4
Suppose 0 = -5*r + 134 + 56. What is the remainder when r is divided by 15?
8
What is the remainder when 8 is divided by -3 - (-9)/3 - -3?
2
Let g(l) = -l**2 + 11*l + 11. Let h be g(12). Calculate the remainder when 27 is divided by ((-33)/(-55))/(h/(-25)).
12
Suppose -364 = -4*l - 36. Suppose 0 = -2*r - 0*r + l. Calculate the remainder when r is divided by 15.
11
Suppose -3*j = 3*k - 42, -2*k - 25 = -4*k + j. What is the remainder when 62 is divided by k?
10
Suppose 0 = u - 5*u + 56. Let x be (2*1)/(1/u). Suppose 3*m - 2 = x. Calculate the remainder when 18 is divided by m.
8
Let u(r) = -r**3 - 6*r**2 - 7*r + 6. Calculate the remainder when 47 is divided by u(-5).
15
Suppose -4 = -r - 1. Let a be 3/9 + 10/(-3). What is the remainder when (-22)/(-6) - 1/a is divided by r?
1
Calculate the remainder when 0/2 - (-140)/4 is divided by 12.
11
Let r(q) = 5*q - 26. Let p(s) = 6*s - 25. Let m(j) = 4*p(j) - 5*r(j). Calculate the remainder when m(0) is divided by 8.
6
Let n(s) = 7*s - 1. Let f be 1*6 + 0 + -1. Let y(c) = -6*c + 1. Let o(a) = f*n(a) + 6*y(a). Calculate the remainder when 23 is divided by o(-7).
7
Let g(o) = o. What is the remainder when 13/(52/(-120))*-1 is divided by g(11)?
8
Let i = -8 - -12. Suppose 6 - 2 = i*g. Calculate the remainder when g/(3/36*2) is divided by 4.
2
Let a(y) = 5*y + 19. What is the remainder when a(9) is divided by 22?
20
Suppose 2*b - 133 = -15. Suppose 15 = -0*f + f. Calculate the remainder when b is divided by f.
14
Let p(t) = t**3 + 2*t**2 + t - 2. What is the remainder when 5 is divided by p(1)?
1
Let o = -41 - -69. Calculate the remainder when 111 is divided by o.
27
Let y = -5 + 14. Suppose 2*s = 6 + 60. Calculate the remainder when s is divided by y.
6
Let y(u) = -9*u. Let p be ((-20)/(-15))/((-2)/3). Let w be y(p). Suppose g = w + 20. Calculate the remainder when g is divided by 13.
12
Suppose -3*z = -45 - 36. What is the remainder when (-814)/(-18) - 6/z is divided by 9 + (-3)/(-1) + 0?
9
Suppose 0 = 4*l - 18 - 22. Suppose 0 = -5*d - 3*v + 25, 4*v = 2*d - 4*d + l. Calculate the remainder when 11 is divided by d.
1
Suppose 3*p + 2*n - 6*n - 75 = 0, -2*p + 4*n = -46. Let 